{"id":273,"date":"2021-07-19T11:15:12","date_gmt":"2021-07-19T14:15:12","guid":{"rendered":"http:\/\/pecnordeste.com.br\/2021\/?page_id=273"},"modified":"2021-08-25T07:54:45","modified_gmt":"2021-08-25T10:54:45","slug":"palestrantes","status":"publish","type":"page","link":"http:\/\/pecnordeste.com.br\/2021\/palestrantes\/","title":{"rendered":"Palestrantes"},"content":{"rendered":"<h6 style=\"text-align: justify;\"><strong>Selecione o segmento desejado:<\/strong><\/h6>\n<ul class=\"menusegmentos\">\n<li><a href=\"http:\/\/pecnordeste.com.br\/2021\/palestrantes\/curriculo-agroindustria\/\" target=\"\" rel=\"noopener noreferrer\">AGROIND\u00daSTRIA<\/a><\/li>\n<li><a href=\"http:\/\/pecnordeste.com.br\/2021\/palestrantes\/curriculo-apicultura\/\">APICULTURA<\/a><\/li>\n<li><a href=\"http:\/\/pecnordeste.com.br\/2021\/palestrantes\/curriculo-avicultura\/\" target=\"\" rel=\"noopener noreferrer\">AVICULTURA<\/a><\/li>\n<li><a href=\"http:\/\/pecnordeste.com.br\/2021\/palestrantes\/curriculo-aquicultura-e-pesca\/\" target=\"\" rel=\"noopener noreferrer\">AQUICULTURA E PESCA<\/a><\/li>\n<li><a href=\"http:\/\/pecnordeste.com.br\/2021\/palestrantes\/curriculo-bovinocultura\/\" target=\"\" rel=\"noopener noreferrer\">BOVINOCULTURA<\/a><\/li>\n<li><a href=\"http:\/\/pecnordeste.com.br\/2021\/palestrantes\/curriculo-cajucultura\/\" target=\"\" rel=\"noopener noreferrer\">CAJUCULTURA<\/a><\/li>\n<li><a href=\"http:\/\/pecnordeste.com.br\/2021\/palestrantes\/curriculo-caprinocultura\/\" target=\"\" rel=\"noopener noreferrer\">CAPRINOVINOCULTURA<\/a><\/li>\n<li><a href=\"http:\/\/pecnordeste.com.br\/2021\/palestrantes\/curriculo-equinocultura\/\">EQUINOCULTURA<\/a><\/li>\n<li><a href=\"http:\/\/pecnordeste.com.br\/2021\/palestrantes\/curriculo-floricultura\/\">FLORICULTURA<\/a><\/li>\n<li><a href=\"http:\/\/pecnordeste.com.br\/2021\/palestrantes\/curriculo-fruticultura\/\">FRUTICULTURA<\/a><\/li>\n<li><a href=\"http:\/\/pecnordeste.com.br\/2021\/palestrantes\/curriculo-suinocultura\/\">SUINOCULTURA<\/a><\/li>\n<li><a href=\"http:\/\/pecnordeste.com.br\/2021\/palestrantes\/curriculo-seminario-de-cooperativismo\/\">SEMIN\u00c1RIO DE COOPERATIVISMO<\/a><\/li>\n<li><a href=\"http:\/\/pecnordeste.com.br\/2021\/palestrantes\/curriculo-seminario-de-residencia-agricola\/\">SEMIN\u00c1RIO DE RESID\u00caNCIA AGR\u00cdCOLA<\/a><\/li>\n<li><a href=\"http:\/\/pecnordeste.com.br\/2021\/palestrantes\/curriculo-palestra-extra-banco-do-brasil\/\">PALESTRA EXTRA &#8211; Banco do Brasil<\/a><\/li>\n<\/ul>\n","protected":false},"excerpt":{"rendered":"<p>Selecione o segmento desejado: AGROIND\u00daSTRIA APICULTURA AVICULTURA AQUICULTURA E PESCA BOVINOCULTURA CAJUCULTURA CAPRINOVINOCULTURA EQUINOCULTURA FLORICULTURA FRUTICULTURA SUINOCULTURA SEMIN\u00c1RIO DE COOPERATIVISMO<\/p>\n","protected":false},"author":1,"featured_media":0,"parent":0,"menu_order":0,"comment_status":"closed","ping_status":"closed","template":"","meta":{"ngg_post_thumbnail":0,"footnotes":""},"class_list":["post-273","page","type-page","status-publish","hentry"],"_links":{"self":[{"href":"http:\/\/pecnordeste.com.br\/2021\/wp-json\/wp\/v2\/pages\/273","targetHints":{"allow":["GET"]}}],"collection":[{"href":"http:\/\/pecnordeste.com.br\/2021\/wp-json\/wp\/v2\/pages"}],"about":[{"href":"http:\/\/pecnordeste.com.br\/2021\/wp-json\/wp\/v2\/types\/page"}],"author":[{"embeddable":true,"href":"http:\/\/pecnordeste.com.br\/2021\/wp-json\/wp\/v2\/users\/1"}],"replies":[{"embeddable":true,"href":"http:\/\/pecnordeste.com.br\/2021\/wp-json\/wp\/v2\/comments?post=273"}],"version-history":[{"count":20,"href":"http:\/\/pecnordeste.com.br\/2021\/wp-json\/wp\/v2\/pages\/273\/revisions"}],"predecessor-version":[{"id":435,"href":"http:\/\/pecnordeste.com.br\/2021\/wp-json\/wp\/v2\/pages\/273\/revisions\/435"}],"wp:attachment":[{"href":"http:\/\/pecnordeste.com.br\/2021\/wp-json\/wp\/v2\/media?parent=273"}],"curies":[{"name":"wp","href":"https:\/\/api.w.org\/{rel}","templated":true}]}}