{"id":950,"date":"2021-11-03T13:34:10","date_gmt":"2021-11-03T16:34:10","guid":{"rendered":"http:\/\/pecnordeste.com.br\/2021\/?page_id=950"},"modified":"2021-11-03T16:03:38","modified_gmt":"2021-11-03T19:03:38","slug":"certificado-trabalhos-cientificos","status":"publish","type":"page","link":"http:\/\/pecnordeste.com.br\/2021\/trabalhos-cientificos\/certificado-trabalhos-cientificos\/","title":{"rendered":"Certificado &#8211; Apresenta\u00e7\u00e3o dos Trabalhos Cient\u00edficos"},"content":{"rendered":"<ul>\n<li><a href=\"http:\/\/pecnordeste.com.br\/2021\/trabalhos-cientificos\/certificados-dia-8\/\">Trabalhos dia 8<\/a><\/li>\n<li><a href=\"http:\/\/pecnordeste.com.br\/2021\/trabalhos-cientificos\/certificados-dia-9\/\">Trabalhos dia 9<\/a><\/li>\n<li><a href=\"http:\/\/pecnordeste.com.br\/2021\/trabalhos-cientificos\/certificados-dia-10\/\">Trabalhos dia 10<\/a><\/li>\n<\/ul>\n","protected":false},"excerpt":{"rendered":"<p>Trabalhos dia 8 Trabalhos dia 9 Trabalhos dia 10<\/p>\n","protected":false},"author":1,"featured_media":0,"parent":74,"menu_order":0,"comment_status":"closed","ping_status":"closed","template":"","meta":{"ngg_post_thumbnail":0,"footnotes":""},"class_list":["post-950","page","type-page","status-publish","hentry"],"_links":{"self":[{"href":"http:\/\/pecnordeste.com.br\/2021\/wp-json\/wp\/v2\/pages\/950","targetHints":{"allow":["GET"]}}],"collection":[{"href":"http:\/\/pecnordeste.com.br\/2021\/wp-json\/wp\/v2\/pages"}],"about":[{"href":"http:\/\/pecnordeste.com.br\/2021\/wp-json\/wp\/v2\/types\/page"}],"author":[{"embeddable":true,"href":"http:\/\/pecnordeste.com.br\/2021\/wp-json\/wp\/v2\/users\/1"}],"replies":[{"embeddable":true,"href":"http:\/\/pecnordeste.com.br\/2021\/wp-json\/wp\/v2\/comments?post=950"}],"version-history":[{"count":9,"href":"http:\/\/pecnordeste.com.br\/2021\/wp-json\/wp\/v2\/pages\/950\/revisions"}],"predecessor-version":[{"id":972,"href":"http:\/\/pecnordeste.com.br\/2021\/wp-json\/wp\/v2\/pages\/950\/revisions\/972"}],"up":[{"embeddable":true,"href":"http:\/\/pecnordeste.com.br\/2021\/wp-json\/wp\/v2\/pages\/74"}],"wp:attachment":[{"href":"http:\/\/pecnordeste.com.br\/2021\/wp-json\/wp\/v2\/media?parent=950"}],"curies":[{"name":"wp","href":"https:\/\/api.w.org\/{rel}","templated":true}]}}