{"id":119,"date":"2022-03-15T08:01:47","date_gmt":"2022-03-15T11:01:47","guid":{"rendered":"http:\/\/pecnordeste.com.br\/2022\/?page_id=119"},"modified":"2023-06-09T17:21:45","modified_gmt":"2023-06-09T20:21:45","slug":"planta-do-evento","status":"publish","type":"page","link":"http:\/\/pecnordeste.com.br\/2023\/feira\/planta-do-evento\/","title":{"rendered":"Planta Geral do Evento"},"content":{"rendered":"<p><iframe loading=\"lazy\" style=\"width: 800px; height: 600px;\" src=\"http:\/\/pecnordeste.com.br\/2023\/wp-content\/uploads\/2023\/06\/PLANTA-PARA-PAINEL-2.pdf\" width=\"700\" height=\"930\" frameborder=\"0\"><span data-mce-type=\"bookmark\" style=\"display: inline-block; width: 0px; overflow: hidden; line-height: 0;\" class=\"mce_SELRES_start\">\ufeff<\/span><span data-mce-type=\"bookmark\" style=\"display: inline-block; width: 0px; overflow: hidden; line-height: 0;\" class=\"mce_SELRES_start\">\ufeff<\/span><\/iframe><\/p>\n<p><a href=\"http:\/\/pecnordeste.com.br\/2023\/wp-content\/uploads\/2023\/06\/PLANTA-PARA-PAINEL-2.pdf\">PLANTA GERAL DA FEIRA<\/a><\/p>\n","protected":false},"excerpt":{"rendered":"<p>\ufeff\ufeff PLANTA GERAL DA FEIRA<\/p>\n","protected":false},"author":1,"featured_media":0,"parent":87,"menu_order":0,"comment_status":"closed","ping_status":"closed","template":"","meta":{"footnotes":"","_links_to":"","_links_to_target":""},"class_list":["post-119","page","type-page","status-publish","czr-hentry"],"jetpack-related-posts":[{"id":111,"url":"http:\/\/pecnordeste.com.br\/2023\/feira\/como-expor\/","url_meta":{"origin":119,"position":0},"title":"Como Expor","author":"admin","date":"15 de mar\u00e7o de 2022","format":false,"excerpt":"PORQUE EXPOR NO PECNORDESTE 2023? Participar do PECNORDESTE 2023 \u00e9 uma \u00f3tima oportunidade para construir e fortalecer a percep\u00e7\u00e3o da sua marca para os clientes potenciais, bem como lan\u00e7ar novidades em produtos e servi\u00e7os, atraindo a aten\u00e7\u00e3o do p\u00fablico alvo, dos visitantes e da m\u00eddia. Considerado um dos maiores eventos\u2026","rel":"","context":"Post similar","block_context":{"text":"Post similar","link":""},"img":{"alt_text":"","src":"","width":0,"height":0},"classes":[]},{"id":53,"url":"http:\/\/pecnordeste.com.br\/2023\/apresentacao\/","url_meta":{"origin":119,"position":1},"title":"Apresenta\u00e7\u00e3o","author":"admin","date":"8 de mar\u00e7o de 2022","format":false,"excerpt":"O Semin\u00e1rio Nordestino de Pecu\u00e1ria - PECNORDESTE \u00e9 um importante evento do agroneg\u00f3cio promovido pela Federa\u00e7\u00e3o da Agricultura e Pecu\u00e1ria do Estado do Cear\u00e1 - FAEC, pelo Servi\u00e7o Nacional de Aprendizagem Rural do Cear\u00e1 - SENAR\/CE, pelo Servi\u00e7o de Apoio \u00e0s Micro e Pequenas Empresas do Estado do Cear\u00e1 \u2013\u2026","rel":"","context":"Post similar","block_context":{"text":"Post similar","link":""},"img":{"alt_text":"","src":"https:\/\/i0.wp.com\/pecnordeste.com.br\/2023\/wp-content\/uploads\/2022\/11\/pec2023.png?resize=350%2C200","width":350,"height":200},"classes":[]}],"_links":{"self":[{"href":"http:\/\/pecnordeste.com.br\/2023\/wp-json\/wp\/v2\/pages\/119","targetHints":{"allow":["GET"]}}],"collection":[{"href":"http:\/\/pecnordeste.com.br\/2023\/wp-json\/wp\/v2\/pages"}],"about":[{"href":"http:\/\/pecnordeste.com.br\/2023\/wp-json\/wp\/v2\/types\/page"}],"author":[{"embeddable":true,"href":"http:\/\/pecnordeste.com.br\/2023\/wp-json\/wp\/v2\/users\/1"}],"replies":[{"embeddable":true,"href":"http:\/\/pecnordeste.com.br\/2023\/wp-json\/wp\/v2\/comments?post=119"}],"version-history":[{"count":26,"href":"http:\/\/pecnordeste.com.br\/2023\/wp-json\/wp\/v2\/pages\/119\/revisions"}],"predecessor-version":[{"id":2079,"href":"http:\/\/pecnordeste.com.br\/2023\/wp-json\/wp\/v2\/pages\/119\/revisions\/2079"}],"up":[{"embeddable":true,"href":"http:\/\/pecnordeste.com.br\/2023\/wp-json\/wp\/v2\/pages\/87"}],"wp:attachment":[{"href":"http:\/\/pecnordeste.com.br\/2023\/wp-json\/wp\/v2\/media?parent=119"}],"curies":[{"name":"wp","href":"https:\/\/api.w.org\/{rel}","templated":true}]}}

15 de março de 2022

PORQUE EXPOR NO PECNORDESTE 2023? Participar do PECNORDESTE 2023 é uma ótima oportunidade para construir e fortalecer a percepção da sua marca para os clientes potenciais, bem como lançar novidades em produtos e serviços, atraindo a atenção do público alvo, dos visitantes e da mídia. Considerado um dos maiores eventos…

Apresentação

8 de março de 2022

O Seminário Nordestino de Pecuária - PECNORDESTE é um importante evento do agronegócio promovido pela Federação da Agricultura e Pecuária do Estado do Ceará - FAEC, pelo Serviço Nacional de Aprendizagem Rural do Ceará - SENAR/CE, pelo Serviço de Apoio às Micro e Pequenas Empresas do Estado do Ceará –…
